{"id":41,"date":"2020-04-05T07:00:21","date_gmt":"2020-04-05T05:00:21","guid":{"rendered":"http:\/\/www.mierzeja-relax.pl\/amor\/?page_id=41"},"modified":"2026-04-08T20:42:58","modified_gmt":"2026-04-08T18:42:58","slug":"cennik","status":"publish","type":"page","link":"https:\/\/www.mierzeja-relax.pl\/amor\/cennik\/","title":{"rendered":"CENNIK"},"content":{"rendered":"<div class=\"wpb-content-wrapper\"><p>[vc_row][vc_column][vc_column_text css=&#8221;&#8221;]<\/p>\n<h2>Cennik<\/h2>\n\n<table id=\"tablepress-1\" class=\"tablepress tablepress-id-1\">\n<thead>\n<tr class=\"row-1\">\n\t<th class=\"column-1\"><strong>Termin pobytu<\/strong><\/th><th class=\"column-2\"><strong>Cena za pok. 2 os.<\/strong><\/th><th class=\"column-3\"><strong>Cena za Apartament 4-5os.<\/strong><\/th>\n<\/tr>\n<\/thead>\n<tbody class=\"row-striping row-hover\">\n<tr class=\"row-2\">\n\t<td class=\"column-1\">Maj\u00f3wka<\/td><td class=\"column-2\">295 z\u0142  - 3  doby<\/td><td class=\"column-3\">395 z\u0142 \u2013 3 doby<\/td>\n<\/tr>\n<tr class=\"row-3\">\n\t<td class=\"column-1\">01-05.05.<\/td><td class=\"column-2\">250\/280<\/td><td class=\"column-3\">320\/350<\/td>\n<\/tr>\n<tr class=\"row-4\">\n\t<td class=\"column-1\">Bo\u017ce Cia\u0142o \u00a0min 3 doby<\/td><td class=\"column-2\">340<\/td><td class=\"column-3\">460<\/td>\n<\/tr>\n<tr class=\"row-5\">\n\t<td class=\"column-1\">01.06-do wakacji min. 2 noce<\/td><td class=\"column-2\">250\/295<\/td><td class=\"column-3\">350\/390<\/td>\n<\/tr>\n<tr class=\"row-6\">\n\t<td class=\"column-1\">1\u00a0tydz. Wakacji min. 2 noce<\/td><td class=\"column-2\">310\/330<\/td><td class=\"column-3\">395\/430<\/td>\n<\/tr>\n<tr class=\"row-7\">\n\t<td class=\"column-1\">2\u00a0tydz. Wakacji min. 3 noce<\/td><td class=\"column-2\">330\/350<\/td><td class=\"column-3\">430\/450<\/td>\n<\/tr>\n<tr class=\"row-8\">\n\t<td class=\"column-1\">od 3 tyg. \u00a0-23.08. min. 5 nocy<\/td><td class=\"column-2\">od 370 z\u0142<\/td><td class=\"column-3\">od 470 z\u0142<\/td>\n<\/tr>\n<tr class=\"row-9\">\n\t<td class=\"column-1\">ostatni tydz. wakacji min. 2 noce<\/td><td class=\"column-2\">295\/330<\/td><td class=\"column-3\">390\/430<\/td>\n<\/tr>\n<tr class=\"row-10\">\n\t<td class=\"column-1\">Od 1-31.09 min. 2 noce<\/td><td class=\"column-2\">260\/295<\/td><td class=\"column-3\">340\/360<\/td>\n<\/tr>\n<\/tbody>\n<\/table>\n<!-- #tablepress-1 from cache -->\n<p>Pok\u00f3j\u00a0 Malinowy\u00a0 nr.10\u00a0 dostawka\u00a0 dla\u00a0 trzeciej osoby\u00a0 50 z\u0142\/ doba<\/p>\n<p class=\"Textbody\" style=\"margin-bottom: 7.5pt;\"><span style=\"font-size: 16.0pt; font-family: 'Roboto\\, Helvetica\\, Arial\\, Verda'; color: #8b8d94;\">Dodatkowe<br \/>\ninformacje<\/span><\/p>\n<p class=\"Textbody\" style=\"margin-bottom: 7.5pt;\">&#8211; ni\u017csze ceny w tyg. \/ wy\u017csze ceny w weekend<br \/>\n&#8211; doba hotelowa od godziny 16.00 do godziny 10.00 w dniu wyjazdu<br \/>\n&#8211; w cenie noclegu: dost\u0119p do Internetu,<br \/>\n&#8211; serwis hotelowy na \u017cyczenie<br \/>\n&#8211; pobyty 5 dniowe od 3 tygodnia wakacji do 23.08. min.<br \/>\n&#8211; pocz\u0105tek pobytu od pi\u0105tku, soboty lub niedzieli<\/p>\n<p class=\"Textbody\" style=\"margin-bottom: 7.5pt;\"><span style=\"font-size: 16.0pt; font-family: 'Roboto\\, Helvetica\\, Arial\\, Verda'; color: #8b8d94;\">Bonifikaty<\/span><\/p>\n<p class=\"Textbody\" style=\"margin-bottom: 7.5pt;\">&#8211; pobyt pe\u0142ne 2 tygodnie\u00a0 \u2013 10% rabatu od ca\u0142ej kwoty \u2013 Cena zale\u017cy od d\u0142ugo\u015bci pobytu<\/p>\n<p>&#8211; dla sta\u0142ych go\u015bci bonifikata 5%<\/p>\n<p class=\"Textbody\" style=\"margin-bottom: 0cm;\"><span style=\"font-size: 16.0pt; font-family: 'Roboto\\, Helvetica\\, Arial\\, Verda'; color: #8b8d94;\">Dodatkowe op\u0142aty w <\/span><a href=\"http:\/\/meteor-turystyka.pl\/amor,krynica-morska.html\"><span style=\"font-size: 16.0pt; font-family: 'Roboto\\, Helvetica\\, Arial\\, Verda'; color: #1ebbf0;\">Willi Amor<\/span><\/a><\/p>\n<p>\u2013 w wakacje odp\u0142atno\u015b\u0107 za parking 35 z\u0142\/ doba<\/p>\n<p>\u2013 cena za pok\u00f3j 2 os. do pojedynczego wykorzystania poza wakacjami minus 30% od ceny podstawowej<\/p>\n<p class=\"Textbody\" style=\"margin-bottom: 7.5pt;\"><span style=\"font-size: 16.0pt; font-family: 'Roboto\\, Helvetica\\, Arial\\, Verda'; color: #8b8d94;\">Organizacyjne<\/span><\/p>\n<p>Przyjazd po 24 godzinie dodatkowa oplata 80 z\u0142<\/p>\n<p class=\"Textbody\" style=\"margin-bottom: 7.5pt;\"><span style=\"font-size: 16.0pt; font-family: 'Roboto\\, Helvetica\\, Arial\\, Verda'; color: #8b8d94;\">P\u0142atno\u015bci<\/span><\/p>\n<p>&#8211; Faktyczna rezerwacja nast\u0119puje po wp\u0142aceniu zadatku w wysoko\u015bci 30% w terminie do 2 dni od dnia rezerwacji:<br \/>\n&#8211; Niewp\u0142acenie zadatku w wymaganym terminie powoduje, \u017ce wst\u0119pna rezerwacja jest anulowana.<br \/>\n&#8211; Pozosta\u0142a kwota do zap\u0142aty got\u00f3wk\u0105 najp\u00f3\u017aniej w dniu przyjazdu.<br \/>\n&#8211; Na przelewie prosimy o podanie nazwy obiektu<br \/>\n&#8211; Kopie przelewu prosimy przes\u0142a\u0107 na adres mail krynicamorska@op.pl<\/p>\n<p>Dane do przelewu<\/p>\n<p>PHU Miros\u0142aw Szczepankiewicz 48 2490 0005 0000 4530 7709 2296<\/p>\n<p>Na przelewie prosz\u0119 poda\u0107 Willa Amor<\/p>\n<p>KONTAKT<\/p>\n<p>e-mail: krynicamorska@op.pl<\/p>\n<p>kom. +48 664-652 -466<\/p>\n<h3><strong>Regulaminy :<\/strong><\/h3>\n<p><a href=\"https:\/\/www.mierzeja-relax.pl\/amor\/wp-content\/uploads\/2023\/09\/regulamin_Amor.pdf\" target=\"_blank\" rel=\"noopener\">Regulamin rezerwacji obiektu Willa Amor<\/a>[\/vc_column_text][\/vc_column][\/vc_row]<\/p>\n<\/div>","protected":false},"excerpt":{"rendered":"<p>[vc_row][vc_column][vc_column_text css=&#8221;&#8221;] Cennik Pok\u00f3j\u00a0 Malinowy\u00a0 nr.10\u00a0 dostawka\u00a0 dla\u00a0 trzeciej osoby\u00a0 50 z\u0142\/ doba Dodatkowe informacje &#8211; ni\u017csze ceny w tyg. \/ wy\u017csze ceny w weekend &#8211; doba hotelowa od godziny 16.00 do godziny 10.00 w dniu wyjazdu &#8211; w cenie noclegu: dost\u0119p do Internetu, &#8211; serwis hotelowy na \u017cyczenie &#8211; pobyty 5 dniowe od 3&hellip;<\/p>\n","protected":false},"author":3,"featured_media":0,"parent":0,"menu_order":0,"comment_status":"closed","ping_status":"closed","template":"","meta":{"footnotes":""},"class_list":["post-41","page","type-page","status-publish","hentry","description-off"],"yoast_head":"<!-- This site is optimized with the Yoast SEO plugin v27.4 - https:\/\/yoast.com\/product\/yoast-seo-wordpress\/ -->\n<title>CENNIK - WILLA AMOR - WAKACJE W KRYNICY<\/title>\n<meta name=\"description\" content=\"Rezerwacja nast\u0119puje po wp\u0142aceniu zaliczki w wysoko\u015bci 30%\u2028 w terminie do 3 dni od dnia rezerwacji: telefonicznej, mailowej, fax.\" \/>\n<meta name=\"robots\" content=\"noindex, follow\" \/>\n<meta property=\"og:locale\" content=\"pl_PL\" \/>\n<meta property=\"og:type\" content=\"article\" \/>\n<meta property=\"og:title\" content=\"CENNIK - WILLA AMOR - WAKACJE W KRYNICY\" \/>\n<meta property=\"og:description\" content=\"Rezerwacja nast\u0119puje po wp\u0142aceniu zaliczki w wysoko\u015bci 30%\u2028 w terminie do 3 dni od dnia rezerwacji: telefonicznej, mailowej, fax.\" \/>\n<meta property=\"og:url\" content=\"https:\/\/www.mierzeja-relax.pl\/amor\/cennik\/\" \/>\n<meta property=\"og:site_name\" content=\"WILLA AMOR - WAKACJE W KRYNICY\" \/>\n<meta property=\"article:publisher\" content=\"https:\/\/www.facebook.com\/KrynicaMorska.WillaAmor\" \/>\n<meta property=\"article:modified_time\" content=\"2026-04-08T18:42:58+00:00\" \/>\n<meta name=\"twitter:card\" content=\"summary_large_image\" \/>\n<meta name=\"twitter:label1\" content=\"Szacowany czas czytania\" \/>\n\t<meta name=\"twitter:data1\" content=\"2 minuty\" \/>\n<script type=\"application\/ld+json\" class=\"yoast-schema-graph\">{\"@context\":\"https:\\\/\\\/schema.org\",\"@graph\":[{\"@type\":\"WebPage\",\"@id\":\"https:\\\/\\\/www.mierzeja-relax.pl\\\/amor\\\/cennik\\\/\",\"url\":\"https:\\\/\\\/www.mierzeja-relax.pl\\\/amor\\\/cennik\\\/\",\"name\":\"CENNIK - WILLA AMOR - WAKACJE W KRYNICY\",\"isPartOf\":{\"@id\":\"https:\\\/\\\/www.mierzeja-relax.pl\\\/amor\\\/#website\"},\"datePublished\":\"2020-04-05T05:00:21+00:00\",\"dateModified\":\"2026-04-08T18:42:58+00:00\",\"description\":\"Rezerwacja nast\u0119puje po wp\u0142aceniu zaliczki w wysoko\u015bci 30%\\u2028 w terminie do 3 dni od dnia rezerwacji: telefonicznej, mailowej, fax.\",\"breadcrumb\":{\"@id\":\"https:\\\/\\\/www.mierzeja-relax.pl\\\/amor\\\/cennik\\\/#breadcrumb\"},\"inLanguage\":\"pl-PL\",\"potentialAction\":[{\"@type\":\"ReadAction\",\"target\":[\"https:\\\/\\\/www.mierzeja-relax.pl\\\/amor\\\/cennik\\\/\"]}]},{\"@type\":\"BreadcrumbList\",\"@id\":\"https:\\\/\\\/www.mierzeja-relax.pl\\\/amor\\\/cennik\\\/#breadcrumb\",\"itemListElement\":[{\"@type\":\"ListItem\",\"position\":1,\"name\":\"Strona g\u0142\u00f3wna\",\"item\":\"https:\\\/\\\/www.mierzeja-relax.pl\\\/amor\\\/\"},{\"@type\":\"ListItem\",\"position\":2,\"name\":\"CENNIK\"}]},{\"@type\":\"WebSite\",\"@id\":\"https:\\\/\\\/www.mierzeja-relax.pl\\\/amor\\\/#website\",\"url\":\"https:\\\/\\\/www.mierzeja-relax.pl\\\/amor\\\/\",\"name\":\"WILLA AMOR - WAKACJE W KRYNICY\",\"description\":\"Krynica morska\",\"publisher\":{\"@id\":\"https:\\\/\\\/www.mierzeja-relax.pl\\\/amor\\\/#organization\"},\"potentialAction\":[{\"@type\":\"SearchAction\",\"target\":{\"@type\":\"EntryPoint\",\"urlTemplate\":\"https:\\\/\\\/www.mierzeja-relax.pl\\\/amor\\\/?s={search_term_string}\"},\"query-input\":{\"@type\":\"PropertyValueSpecification\",\"valueRequired\":true,\"valueName\":\"search_term_string\"}}],\"inLanguage\":\"pl-PL\"},{\"@type\":\"Organization\",\"@id\":\"https:\\\/\\\/www.mierzeja-relax.pl\\\/amor\\\/#organization\",\"name\":\"Pensjonat Willa Amor Krynica Morska\",\"url\":\"https:\\\/\\\/www.mierzeja-relax.pl\\\/amor\\\/\",\"logo\":{\"@type\":\"ImageObject\",\"inLanguage\":\"pl-PL\",\"@id\":\"https:\\\/\\\/www.mierzeja-relax.pl\\\/amor\\\/#\\\/schema\\\/logo\\\/image\\\/\",\"url\":\"https:\\\/\\\/www.mierzeja-relax.pl\\\/amor\\\/wp-content\\\/uploads\\\/2015\\\/05\\\/ikon.png\",\"contentUrl\":\"https:\\\/\\\/www.mierzeja-relax.pl\\\/amor\\\/wp-content\\\/uploads\\\/2015\\\/05\\\/ikon.png\",\"width\":98,\"height\":60,\"caption\":\"Pensjonat Willa Amor Krynica Morska\"},\"image\":{\"@id\":\"https:\\\/\\\/www.mierzeja-relax.pl\\\/amor\\\/#\\\/schema\\\/logo\\\/image\\\/\"},\"sameAs\":[\"https:\\\/\\\/www.facebook.com\\\/KrynicaMorska.WillaAmor\",\"https:\\\/\\\/www.youtube.com\\\/channel\\\/UCNevbrKJX-2F1-_Hi8nxKCg\"]}]}<\/script>\n<!-- \/ Yoast SEO plugin. -->","yoast_head_json":{"title":"CENNIK - WILLA AMOR - WAKACJE W KRYNICY","description":"Rezerwacja nast\u0119puje po wp\u0142aceniu zaliczki w wysoko\u015bci 30%\u2028 w terminie do 3 dni od dnia rezerwacji: telefonicznej, mailowej, fax.","robots":{"index":"noindex","follow":"follow"},"og_locale":"pl_PL","og_type":"article","og_title":"CENNIK - WILLA AMOR - WAKACJE W KRYNICY","og_description":"Rezerwacja nast\u0119puje po wp\u0142aceniu zaliczki w wysoko\u015bci 30%\u2028 w terminie do 3 dni od dnia rezerwacji: telefonicznej, mailowej, fax.","og_url":"https:\/\/www.mierzeja-relax.pl\/amor\/cennik\/","og_site_name":"WILLA AMOR - WAKACJE W KRYNICY","article_publisher":"https:\/\/www.facebook.com\/KrynicaMorska.WillaAmor","article_modified_time":"2026-04-08T18:42:58+00:00","twitter_card":"summary_large_image","twitter_misc":{"Szacowany czas czytania":"2 minuty"},"schema":{"@context":"https:\/\/schema.org","@graph":[{"@type":"WebPage","@id":"https:\/\/www.mierzeja-relax.pl\/amor\/cennik\/","url":"https:\/\/www.mierzeja-relax.pl\/amor\/cennik\/","name":"CENNIK - WILLA AMOR - WAKACJE W KRYNICY","isPartOf":{"@id":"https:\/\/www.mierzeja-relax.pl\/amor\/#website"},"datePublished":"2020-04-05T05:00:21+00:00","dateModified":"2026-04-08T18:42:58+00:00","description":"Rezerwacja nast\u0119puje po wp\u0142aceniu zaliczki w wysoko\u015bci 30%\u2028 w terminie do 3 dni od dnia rezerwacji: telefonicznej, mailowej, fax.","breadcrumb":{"@id":"https:\/\/www.mierzeja-relax.pl\/amor\/cennik\/#breadcrumb"},"inLanguage":"pl-PL","potentialAction":[{"@type":"ReadAction","target":["https:\/\/www.mierzeja-relax.pl\/amor\/cennik\/"]}]},{"@type":"BreadcrumbList","@id":"https:\/\/www.mierzeja-relax.pl\/amor\/cennik\/#breadcrumb","itemListElement":[{"@type":"ListItem","position":1,"name":"Strona g\u0142\u00f3wna","item":"https:\/\/www.mierzeja-relax.pl\/amor\/"},{"@type":"ListItem","position":2,"name":"CENNIK"}]},{"@type":"WebSite","@id":"https:\/\/www.mierzeja-relax.pl\/amor\/#website","url":"https:\/\/www.mierzeja-relax.pl\/amor\/","name":"WILLA AMOR - WAKACJE W KRYNICY","description":"Krynica morska","publisher":{"@id":"https:\/\/www.mierzeja-relax.pl\/amor\/#organization"},"potentialAction":[{"@type":"SearchAction","target":{"@type":"EntryPoint","urlTemplate":"https:\/\/www.mierzeja-relax.pl\/amor\/?s={search_term_string}"},"query-input":{"@type":"PropertyValueSpecification","valueRequired":true,"valueName":"search_term_string"}}],"inLanguage":"pl-PL"},{"@type":"Organization","@id":"https:\/\/www.mierzeja-relax.pl\/amor\/#organization","name":"Pensjonat Willa Amor Krynica Morska","url":"https:\/\/www.mierzeja-relax.pl\/amor\/","logo":{"@type":"ImageObject","inLanguage":"pl-PL","@id":"https:\/\/www.mierzeja-relax.pl\/amor\/#\/schema\/logo\/image\/","url":"https:\/\/www.mierzeja-relax.pl\/amor\/wp-content\/uploads\/2015\/05\/ikon.png","contentUrl":"https:\/\/www.mierzeja-relax.pl\/amor\/wp-content\/uploads\/2015\/05\/ikon.png","width":98,"height":60,"caption":"Pensjonat Willa Amor Krynica Morska"},"image":{"@id":"https:\/\/www.mierzeja-relax.pl\/amor\/#\/schema\/logo\/image\/"},"sameAs":["https:\/\/www.facebook.com\/KrynicaMorska.WillaAmor","https:\/\/www.youtube.com\/channel\/UCNevbrKJX-2F1-_Hi8nxKCg"]}]}},"_links":{"self":[{"href":"https:\/\/www.mierzeja-relax.pl\/amor\/wp-json\/wp\/v2\/pages\/41","targetHints":{"allow":["GET"]}}],"collection":[{"href":"https:\/\/www.mierzeja-relax.pl\/amor\/wp-json\/wp\/v2\/pages"}],"about":[{"href":"https:\/\/www.mierzeja-relax.pl\/amor\/wp-json\/wp\/v2\/types\/page"}],"author":[{"embeddable":true,"href":"https:\/\/www.mierzeja-relax.pl\/amor\/wp-json\/wp\/v2\/users\/3"}],"replies":[{"embeddable":true,"href":"https:\/\/www.mierzeja-relax.pl\/amor\/wp-json\/wp\/v2\/comments?post=41"}],"version-history":[{"count":35,"href":"https:\/\/www.mierzeja-relax.pl\/amor\/wp-json\/wp\/v2\/pages\/41\/revisions"}],"predecessor-version":[{"id":898,"href":"https:\/\/www.mierzeja-relax.pl\/amor\/wp-json\/wp\/v2\/pages\/41\/revisions\/898"}],"wp:attachment":[{"href":"https:\/\/www.mierzeja-relax.pl\/amor\/wp-json\/wp\/v2\/media?parent=41"}],"curies":[{"name":"wp","href":"https:\/\/api.w.org\/{rel}","templated":true}]}}