{"id":201,"date":"2015-05-14T12:26:39","date_gmt":"2015-05-14T10:26:39","guid":{"rendered":"http:\/\/www.mierzeja-relax.pl\/mierzeja\/?page_id=201"},"modified":"2026-02-16T22:17:47","modified_gmt":"2026-02-16T21:17:47","slug":"dla-firm","status":"publish","type":"page","link":"https:\/\/www.mierzeja-relax.pl\/mierzeja\/dla-firm\/","title":{"rendered":"Dla firm"},"content":{"rendered":"<div class=\"wpb-content-wrapper\"><p>[vc_row][vc_column][vc_column_text]<\/p>\n<h2>Dla firm w naszej ofercie NOWO\u015aCI:<\/h2>\n<p><strong>wiosenne maj\u00f3wki i czerwcowa Noc \u015awi\u0119toja\u0144ska, rajdy rowerowe i wyprawy konno, zimowy trekking i Sylwester z kuligiem. <\/strong><br \/>\n<strong>Opr\u00f3cz tego, jak zwykle, organizujemy imprezy integracyjne, pikniki firmowe, szkolenia i warsztaty, realizujemy te\u017c zam\u00f3wienia wed\u0142ug programu zaproponowanego przez Klienta.<\/strong><\/p>\n<p>Oferta skierowana jest do grup powy\u017cej 20 os\u00f3b.<\/p>\n<h2><strong>Baza sportowa na terenie o\u015brodka:<\/strong><\/h2>\n<ul>\n<li>boisko do koszyk\u00f3wki i siatk\u00f3wki<\/li>\n<li>st\u00f3\u0142 do ping-ponga i tenisa sto\u0142owego<\/li>\n<li>kort tenisowy<\/li>\n<li>\u015bciana do squasha<\/li>\n<li>rowery<\/li>\n<li>parawany pla\u017cowe i le\u017caki<\/li>\n<\/ul>\n<h2><strong>Jazda konna:<\/strong><\/h2>\n<ul>\n<li>nauka jazdy konnej od podstaw<\/li>\n<li>doskonalenie umiej\u0119tno\u015bci je\u017adzieckich.<\/li>\n<\/ul>\n<p>UWAGA! Nasi instruktorzy jazdy konnej posiadaj\u0105 dodatkowo uprawnienia s\u0119dziowskie![\/vc_column_text][vc_media_grid element_width=&#8221;3&#8243; css=&#8221;&#8221; grid_id=&#8221;vc_gid:1771276585775-54ac4dca-ceb8-9&#8243; include=&#8221;868,869,867&#8243;][vc_column_text css=&#8221;.vc_custom_1612631267880{margin-bottom: 0px !important;}&#8221; disable_pattern=&#8221;true&#8221; align=&#8221;left&#8221;]<strong>Cennik<\/strong><\/p>\n<ul>\n<li><strong>na terenie uje\u017cd\u017calni 25 PLN \/ 30 min.<\/strong><\/li>\n<li><strong>wyjazdy w teren 35 PLN \/ 1 godz.<\/strong><\/li>\n<li><strong>5 jazd w terenie 150 PLN<\/strong><\/li>\n<li><strong>przeja\u017cd\u017cka bryczk\u0105 70 PLN \/ 1 godz.<\/strong><\/li>\n<li><strong>rajdy konne cena do indywidualnego uzgodnienia w zale\u017cno\u015bci od liczby uczestnik\u00f3w i planowanego czasu trwania rajdu.<\/strong><\/li>\n<\/ul>\n<p><strong>Wsp\u00f3lne grillowanie<\/strong><\/p>\n<p><strong>W altanie na terenie naszego o\u015brodka podejmiemy Pa\u0144stwa naszymi specjalno\u015bciami z grilla:<\/strong><\/p>\n<ul>\n<li><strong>kie\u0142baski, kaszanka i szasz\u0142yki, do tego piwo i domowe wypieki lokalnej kuchni, w cenie 40 PLN \/ os.<\/strong><\/li>\n<li><strong>prosi\u0119ta pieczone wg tradycyjnej staropolskiej receptury, faszerowane kasz\u0105 i grzybami, porcja na od 35 os\u00f3b, cena 900 PLN.<\/strong><\/li>\n<\/ul>\n<p><strong>Szczeg\u00f3\u0142y do uzgodnienia.<\/strong><\/p>\n<p><strong>Oprawa muzyczna<\/strong><\/p>\n<ul>\n<li><strong>wodzirej od 400 PLN za wiecz\u00f3r,<\/strong><\/li>\n<li><strong>muzyka na \u017cywo \/ zesp\u00f3\u0142 muzyczny od 600 PLN za wiecz\u00f3r<\/strong><\/li>\n<li><strong>muzyka na \u017cywo \/ zesp\u00f3\u0142 muzyczny z solist\u0105 do uzgodnienia<\/strong><\/li>\n<\/ul>\n<p><strong>Mo\u017cliwo\u015b\u0107 organizacji innych zleconych nam atrakcji i rozrywek.<\/strong><\/p>\n<p><strong>W trakcie pobytu w o\u015brodku istnieje mo\u017cliwo\u015b\u0107 zorganizowania wycieczki z pilotem i przewodnikiem. Polecamy szczeg\u00f3lnie:<\/strong><\/p>\n<ul>\n<li><strong>Gda\u0144sk G\u0142\u00f3wne Miasto (oko\u0142o 6 godz.), od 150 PLN za grup\u0119<\/strong><\/li>\n<li><strong>Gda\u0144sk G\u0142\u00f3wne Miasto + Stare Miasto, od 210 PLN za grup\u0119<\/strong><\/li>\n<li><strong>Tr\u00f3jmiasto: Gda\u0144sk, Oliwa, Sopot, Gdynia, wycieczka autokarowa, od 300 PLN za grup\u0119<\/strong><\/li>\n<li><strong>Malbork: zwiedzanie zamku krzy\u017cackiego, najwi\u0119kszego ceglanego zamku w Europie, od 150 PLN za grup\u0119.<\/strong><\/li>\n<\/ul>\n<p><strong>Wi\u0119cej szczeg\u00f3\u0142owych informacji dotycz\u0105cych wycieczek mo\u017cna uzyska\u0107 na<\/strong> stronie\u00a0<a href=\"http:\/\/www.szczyptaswiata.com.pl\/\">www.szczyptaswiata.com.pl<\/a><\/p>\n<p><strong>Formy p\u0142atno\u015bci<\/strong><\/p>\n<p><strong>Po dokonaniu rezerwacji i pisemnym z\u0142o\u017ceniu zam\u00f3wienia (poczta, fax, e-mail) nale\u017cy dokona\u0107 wp\u0142aty zaliczki w wysoko\u015bci 40% w przeci\u0105gu 5 dni, pozosta\u0142\u0105 kwot\u0119 w dniu przyjazdu do o\u015brodka.<\/strong><\/p>\n<p><strong>Konto bankowe:<\/strong><\/p>\n<p><strong>PHU Miros\u0142aw Szczepankiewicz <\/strong><\/p>\n<p><strong>Alior bank<\/strong><strong><br \/>\nPHU Miros\u0142aw Szczepankiewicz<br \/>\n48 2490 0005 0000 4530 7709 2296<\/strong>[\/vc_column_text][\/vc_column][\/vc_row][vc_row fullwidth=&#8221;false&#8221; attached=&#8221;false&#8221; padding=&#8221;0&#8243; visibility=&#8221;&#8221; animation=&#8221;&#8221;][\/vc_row]<\/p>\n<\/div>","protected":false},"excerpt":{"rendered":"<p>[vc_row][vc_column][vc_column_text] Dla firm w naszej ofercie NOWO\u015aCI: wiosenne maj\u00f3wki i czerwcowa Noc \u015awi\u0119toja\u0144ska, rajdy rowerowe i wyprawy konno, zimowy trekking i Sylwester z kuligiem. Opr\u00f3cz tego, jak zwykle, organizujemy imprezy integracyjne, pikniki firmowe, szkolenia i warsztaty, realizujemy te\u017c zam\u00f3wienia wed\u0142ug programu zaproponowanego przez Klienta. Oferta skierowana jest do grup powy\u017cej 20 os\u00f3b. Baza sportowa na&hellip;<\/p>\n","protected":false},"author":1,"featured_media":0,"parent":0,"menu_order":0,"comment_status":"closed","ping_status":"closed","template":"","meta":{"footnotes":""},"class_list":["post-201","page","type-page","status-publish","hentry","description-off"],"yoast_head":"<!-- This site is optimized with the Yoast SEO plugin v27.2 - https:\/\/yoast.com\/product\/yoast-seo-wordpress\/ -->\n<title>Oferta dla firm nad morzem<\/title>\n<meta name=\"description\" content=\"Dla Firm Proponujemy Pa\u0144stwu szerok\u0105 gam\u0119 mo\u017cliwo\u015bci skorzystania z tak pi\u0119knego i aktywnego wypoczynku, jakim jest Jazda Konna.\" \/>\n<meta name=\"robots\" content=\"index, follow, max-snippet:-1, max-image-preview:large, max-video-preview:-1\" \/>\n<link rel=\"canonical\" href=\"https:\/\/www.mierzeja-relax.pl\/mierzeja\/dla-firm\/\" \/>\n<meta property=\"og:locale\" content=\"pl_PL\" \/>\n<meta property=\"og:type\" content=\"article\" \/>\n<meta property=\"og:title\" content=\"Dla Firm\" \/>\n<meta property=\"og:description\" content=\"Dla Firm Proponujemy Pa\u0144stwu szerok\u0105 gam\u0119 mo\u017cliwo\u015bci skorzystania z tak pi\u0119knego i aktywnego wypoczynku, jakim jest Jazda Konna.\" \/>\n<meta property=\"og:url\" content=\"https:\/\/www.mierzeja-relax.pl\/mierzeja\/dla-firm\/\" \/>\n<meta property=\"og:site_name\" content=\"OW MIERZEJA - DOMKI DREWNIANE SZTUTOWO\" \/>\n<meta property=\"article:publisher\" content=\"https:\/\/www.facebook.com\/people\/OW-Mierzeja\/100063609998248\/?ref=embed_page\" \/>\n<meta property=\"article:modified_time\" content=\"2026-02-16T21:17:47+00:00\" \/>\n<meta name=\"twitter:card\" content=\"summary_large_image\" \/>\n<meta name=\"twitter:label1\" content=\"Szacowany czas czytania\" \/>\n\t<meta name=\"twitter:data1\" content=\"3 minuty\" \/>\n<script type=\"application\/ld+json\" class=\"yoast-schema-graph\">{\"@context\":\"https:\/\/schema.org\",\"@graph\":[{\"@type\":\"WebPage\",\"@id\":\"https:\/\/www.mierzeja-relax.pl\/mierzeja\/dla-firm\/\",\"url\":\"https:\/\/www.mierzeja-relax.pl\/mierzeja\/dla-firm\/\",\"name\":\"Oferta dla firm nad morzem\",\"isPartOf\":{\"@id\":\"https:\/\/www.mierzeja-relax.pl\/mierzeja\/#website\"},\"datePublished\":\"2015-05-14T10:26:39+00:00\",\"dateModified\":\"2026-02-16T21:17:47+00:00\",\"description\":\"Dla Firm Proponujemy Pa\u0144stwu szerok\u0105 gam\u0119 mo\u017cliwo\u015bci skorzystania z tak pi\u0119knego i aktywnego wypoczynku, jakim jest Jazda Konna.\",\"breadcrumb\":{\"@id\":\"https:\/\/www.mierzeja-relax.pl\/mierzeja\/dla-firm\/#breadcrumb\"},\"inLanguage\":\"pl-PL\",\"potentialAction\":[{\"@type\":\"ReadAction\",\"target\":[\"https:\/\/www.mierzeja-relax.pl\/mierzeja\/dla-firm\/\"]}]},{\"@type\":\"BreadcrumbList\",\"@id\":\"https:\/\/www.mierzeja-relax.pl\/mierzeja\/dla-firm\/#breadcrumb\",\"itemListElement\":[{\"@type\":\"ListItem\",\"position\":1,\"name\":\"Strona g\u0142\u00f3wna\",\"item\":\"https:\/\/www.mierzeja-relax.pl\/mierzeja\/\"},{\"@type\":\"ListItem\",\"position\":2,\"name\":\"Dla firm\"}]},{\"@type\":\"WebSite\",\"@id\":\"https:\/\/www.mierzeja-relax.pl\/mierzeja\/#website\",\"url\":\"https:\/\/www.mierzeja-relax.pl\/mierzeja\/\",\"name\":\"OW MIERZEJA - DREWNIANE DOMKI NAD MORZEM SZTUTOWO\",\"description\":\"SZTUTOWO\",\"publisher\":{\"@id\":\"https:\/\/www.mierzeja-relax.pl\/mierzeja\/#organization\"},\"potentialAction\":[{\"@type\":\"SearchAction\",\"target\":{\"@type\":\"EntryPoint\",\"urlTemplate\":\"https:\/\/www.mierzeja-relax.pl\/mierzeja\/?s={search_term_string}\"},\"query-input\":{\"@type\":\"PropertyValueSpecification\",\"valueRequired\":true,\"valueName\":\"search_term_string\"}}],\"inLanguage\":\"pl-PL\"},{\"@type\":\"Organization\",\"@id\":\"https:\/\/www.mierzeja-relax.pl\/mierzeja\/#organization\",\"name\":\"OW MIERZEJA - DREWNIANE DOMKI NAD MORZEM SZTUTOWO\",\"url\":\"https:\/\/www.mierzeja-relax.pl\/mierzeja\/\",\"logo\":{\"@type\":\"ImageObject\",\"inLanguage\":\"pl-PL\",\"@id\":\"https:\/\/www.mierzeja-relax.pl\/mierzeja\/#\/schema\/logo\/image\/\",\"url\":\"https:\/\/www.mierzeja-relax.pl\/mierzeja\/wp-content\/uploads\/2015\/05\/LOGO-big11.png\",\"contentUrl\":\"https:\/\/www.mierzeja-relax.pl\/mierzeja\/wp-content\/uploads\/2015\/05\/LOGO-big11.png\",\"width\":120,\"height\":81,\"caption\":\"OW MIERZEJA - DREWNIANE DOMKI NAD MORZEM SZTUTOWO\"},\"image\":{\"@id\":\"https:\/\/www.mierzeja-relax.pl\/mierzeja\/#\/schema\/logo\/image\/\"},\"sameAs\":[\"https:\/\/www.facebook.com\/people\/OW-Mierzeja\/100063609998248\/?ref=embed_page\"]}]}<\/script>\n<!-- \/ Yoast SEO plugin. -->","yoast_head_json":{"title":"Oferta dla firm nad morzem","description":"Dla Firm Proponujemy Pa\u0144stwu szerok\u0105 gam\u0119 mo\u017cliwo\u015bci skorzystania z tak pi\u0119knego i aktywnego wypoczynku, jakim jest Jazda Konna.","robots":{"index":"index","follow":"follow","max-snippet":"max-snippet:-1","max-image-preview":"max-image-preview:large","max-video-preview":"max-video-preview:-1"},"canonical":"https:\/\/www.mierzeja-relax.pl\/mierzeja\/dla-firm\/","og_locale":"pl_PL","og_type":"article","og_title":"Dla Firm","og_description":"Dla Firm Proponujemy Pa\u0144stwu szerok\u0105 gam\u0119 mo\u017cliwo\u015bci skorzystania z tak pi\u0119knego i aktywnego wypoczynku, jakim jest Jazda Konna.","og_url":"https:\/\/www.mierzeja-relax.pl\/mierzeja\/dla-firm\/","og_site_name":"OW MIERZEJA - DOMKI DREWNIANE SZTUTOWO","article_publisher":"https:\/\/www.facebook.com\/people\/OW-Mierzeja\/100063609998248\/?ref=embed_page","article_modified_time":"2026-02-16T21:17:47+00:00","twitter_card":"summary_large_image","twitter_misc":{"Szacowany czas czytania":"3 minuty"},"schema":{"@context":"https:\/\/schema.org","@graph":[{"@type":"WebPage","@id":"https:\/\/www.mierzeja-relax.pl\/mierzeja\/dla-firm\/","url":"https:\/\/www.mierzeja-relax.pl\/mierzeja\/dla-firm\/","name":"Oferta dla firm nad morzem","isPartOf":{"@id":"https:\/\/www.mierzeja-relax.pl\/mierzeja\/#website"},"datePublished":"2015-05-14T10:26:39+00:00","dateModified":"2026-02-16T21:17:47+00:00","description":"Dla Firm Proponujemy Pa\u0144stwu szerok\u0105 gam\u0119 mo\u017cliwo\u015bci skorzystania z tak pi\u0119knego i aktywnego wypoczynku, jakim jest Jazda Konna.","breadcrumb":{"@id":"https:\/\/www.mierzeja-relax.pl\/mierzeja\/dla-firm\/#breadcrumb"},"inLanguage":"pl-PL","potentialAction":[{"@type":"ReadAction","target":["https:\/\/www.mierzeja-relax.pl\/mierzeja\/dla-firm\/"]}]},{"@type":"BreadcrumbList","@id":"https:\/\/www.mierzeja-relax.pl\/mierzeja\/dla-firm\/#breadcrumb","itemListElement":[{"@type":"ListItem","position":1,"name":"Strona g\u0142\u00f3wna","item":"https:\/\/www.mierzeja-relax.pl\/mierzeja\/"},{"@type":"ListItem","position":2,"name":"Dla firm"}]},{"@type":"WebSite","@id":"https:\/\/www.mierzeja-relax.pl\/mierzeja\/#website","url":"https:\/\/www.mierzeja-relax.pl\/mierzeja\/","name":"OW MIERZEJA - DREWNIANE DOMKI NAD MORZEM SZTUTOWO","description":"SZTUTOWO","publisher":{"@id":"https:\/\/www.mierzeja-relax.pl\/mierzeja\/#organization"},"potentialAction":[{"@type":"SearchAction","target":{"@type":"EntryPoint","urlTemplate":"https:\/\/www.mierzeja-relax.pl\/mierzeja\/?s={search_term_string}"},"query-input":{"@type":"PropertyValueSpecification","valueRequired":true,"valueName":"search_term_string"}}],"inLanguage":"pl-PL"},{"@type":"Organization","@id":"https:\/\/www.mierzeja-relax.pl\/mierzeja\/#organization","name":"OW MIERZEJA - DREWNIANE DOMKI NAD MORZEM SZTUTOWO","url":"https:\/\/www.mierzeja-relax.pl\/mierzeja\/","logo":{"@type":"ImageObject","inLanguage":"pl-PL","@id":"https:\/\/www.mierzeja-relax.pl\/mierzeja\/#\/schema\/logo\/image\/","url":"https:\/\/www.mierzeja-relax.pl\/mierzeja\/wp-content\/uploads\/2015\/05\/LOGO-big11.png","contentUrl":"https:\/\/www.mierzeja-relax.pl\/mierzeja\/wp-content\/uploads\/2015\/05\/LOGO-big11.png","width":120,"height":81,"caption":"OW MIERZEJA - DREWNIANE DOMKI NAD MORZEM SZTUTOWO"},"image":{"@id":"https:\/\/www.mierzeja-relax.pl\/mierzeja\/#\/schema\/logo\/image\/"},"sameAs":["https:\/\/www.facebook.com\/people\/OW-Mierzeja\/100063609998248\/?ref=embed_page"]}]}},"_links":{"self":[{"href":"https:\/\/www.mierzeja-relax.pl\/mierzeja\/wp-json\/wp\/v2\/pages\/201","targetHints":{"allow":["GET"]}}],"collection":[{"href":"https:\/\/www.mierzeja-relax.pl\/mierzeja\/wp-json\/wp\/v2\/pages"}],"about":[{"href":"https:\/\/www.mierzeja-relax.pl\/mierzeja\/wp-json\/wp\/v2\/types\/page"}],"author":[{"embeddable":true,"href":"https:\/\/www.mierzeja-relax.pl\/mierzeja\/wp-json\/wp\/v2\/users\/1"}],"replies":[{"embeddable":true,"href":"https:\/\/www.mierzeja-relax.pl\/mierzeja\/wp-json\/wp\/v2\/comments?post=201"}],"version-history":[{"count":2,"href":"https:\/\/www.mierzeja-relax.pl\/mierzeja\/wp-json\/wp\/v2\/pages\/201\/revisions"}],"predecessor-version":[{"id":1501,"href":"https:\/\/www.mierzeja-relax.pl\/mierzeja\/wp-json\/wp\/v2\/pages\/201\/revisions\/1501"}],"wp:attachment":[{"href":"https:\/\/www.mierzeja-relax.pl\/mierzeja\/wp-json\/wp\/v2\/media?parent=201"}],"curies":[{"name":"wp","href":"https:\/\/api.w.org\/{rel}","templated":true}]}}